{"id":88,"date":"2023-07-16T23:38:52","date_gmt":"2023-07-16T21:38:52","guid":{"rendered":"https:\/\/www.statek-uprostred.cz\/?page_id=88"},"modified":"2026-03-07T00:17:58","modified_gmt":"2026-03-06T23:17:58","slug":"akce","status":"publish","type":"page","link":"https:\/\/www.statek-uprostred.cz\/index.php\/akce\/","title":{"rendered":"Ud\u00e1losti"},"content":{"rendered":"<div class='pt-cv-wrapper'> <div class=\"pt-cv-view pt-cv-blockgrid iscvblock iscvreal list1 layout1 cveffect-zoomin\" id=\"pt-cv-view-6grz50pu\"><div data-id=\"pt-cv-page-1\" class=\"pt-cv-page\" data-cvc=\"1\"><div class=\" pt-cv-content-item pt-cv-2-col\" ><div class=\"pt-cv-thumb-wrapper pull-left \"><a href=\"https:\/\/www.statek-uprostred.cz\/index.php\/kronika-2025-tvurci-pobyty-a-skupinove-akce\/4927\/\" class=\"_self pt-cv-href-thumbnail pt-cv-thumb-left\" target=\"_self\" ><img loading=\"lazy\" decoding=\"async\" width=\"768\" height=\"579\" src=\"https:\/\/www.statek-uprostred.cz\/wp-content\/uploads\/2026\/03\/IMG_20250717_121902-768x579.jpg\" class=\"pt-cv-thumbnail pull-left\" alt=\"\" \/><\/a><\/div>\n<div class=\"pt-cv-colwrap\"><h2 class=\"pt-cv-title\"><a href=\"https:\/\/www.statek-uprostred.cz\/index.php\/kronika-2025-tvurci-pobyty-a-skupinove-akce\/4927\/\" class=\"_self\" target=\"_self\" >Kronika 2025: Tv\u016fr\u010d\u00ed pobyty a skupinov\u00e9 akce<\/a><\/h2><div class=\"pt-cv-content\">Zde je p\u0159ehled v\u0161ech skupinov\u00fdch akc\u00ed a tv\u016fr\u010d\u00edch pobyt\u016f za rok 2025. A tak\u00e9 p\u00e1r osobn\u00edch z\u00e1pis\u016f o Frodovi, proto\u017ee to byl jeho posledn\u00ed rok &#8230;<\/div><div class=\"pt-cv-rmwrap\"><a href=\"https:\/\/www.statek-uprostred.cz\/index.php\/kronika-2025-tvurci-pobyty-a-skupinove-akce\/4927\/\" class=\"_self pt-cv-readmore btn btn-success\" target=\"_self\" >V\u00edce&#8230;<\/a><\/div><div class=\"pt-cv-meta-fields\"><span class=\"entry-date\"> <time datetime=\"2026-03-23T09:58:02+01:00\">23. 3. 2026<\/time><\/span><span> | <\/span><span class=\"terms\"> <a href='https:\/\/www.statek-uprostred.cz\/index.php\/category\/akce\/' title='Akce' class='pt-cv-tax-akce'>Akce<\/a>, <a href='https:\/\/www.statek-uprostred.cz\/index.php\/category\/aktuality\/' title='Aktuality' class='pt-cv-tax-aktuality'>Aktuality<\/a>, <a href='https:\/\/www.statek-uprostred.cz\/index.php\/category\/nezarazene\/' title='Neza\u0159azen\u00e9' class='pt-cv-tax-nezarazene'>Neza\u0159azen\u00e9<\/a><\/span><\/div><\/div><\/div>\n<div class=\" pt-cv-content-item pt-cv-2-col\" ><div class=\"pt-cv-thumb-wrapper pull-left \"><a href=\"https:\/\/www.statek-uprostred.cz\/index.php\/pozvanka-na-astrodrama-1-6-cervence-2025\/3934\/\" class=\"_self pt-cv-href-thumbnail pt-cv-thumb-left\" target=\"_self\" ><img loading=\"lazy\" decoding=\"async\" width=\"768\" height=\"1365\" src=\"https:\/\/www.statek-uprostred.cz\/wp-content\/uploads\/2025\/05\/astrodrama-2025-768x1365.jpg\" class=\"pt-cv-thumbnail pull-left\" alt=\"\" \/><\/a><\/div>\n<div class=\"pt-cv-colwrap\"><h2 class=\"pt-cv-title\"><a href=\"https:\/\/www.statek-uprostred.cz\/index.php\/pozvanka-na-astrodrama-1-6-cervence-2025\/3934\/\" class=\"_self\" target=\"_self\" >Pozv\u00e1nka na Astrodrama. 1.\u20136. \u010dervence 2025 (ro\u010dn\u00edk 2026 p\u0159ipravujeme, vy\u010dkejte&#8230;)<\/a><\/h2><div class=\"pt-cv-content\">Prvn\u00ed \u010dervencov\u00fd t\u00fdden op\u011bt po\u0159\u00e1d\u00e1 Astrologick\u00e1 \u0161kola pro state\u010dn\u00e9 na statku Astrodrama. M\u00e1me je\u0161t\u011b voln\u00e1 m\u00edsta. Astrodrama je speci\u00e1ln\u00ed technika op\u00edraj\u00edc\u00ed se o kombinaci dramaterapie v mask\u00e1ch a o astrologick\u00e9 metafory &#8230;<\/div><div class=\"pt-cv-rmwrap\"><a href=\"https:\/\/www.statek-uprostred.cz\/index.php\/pozvanka-na-astrodrama-1-6-cervence-2025\/3934\/\" class=\"_self pt-cv-readmore btn btn-success\" target=\"_self\" >V\u00edce&#8230;<\/a><\/div><div class=\"pt-cv-meta-fields\"><span class=\"entry-date\"> <time datetime=\"2025-08-01T13:27:07+02:00\">1. 8. 2025<\/time><\/span><span> | <\/span><span class=\"terms\"> <a href='https:\/\/www.statek-uprostred.cz\/index.php\/category\/akce\/' title='Akce' class='pt-cv-tax-akce'>Akce<\/a>, <a href='https:\/\/www.statek-uprostred.cz\/index.php\/category\/aktuality\/' title='Aktuality' class='pt-cv-tax-aktuality'>Aktuality<\/a><\/span><\/div><\/div><\/div>\n<div class=\" pt-cv-content-item pt-cv-2-col\" ><div class=\"pt-cv-thumb-wrapper pull-left \"><a href=\"https:\/\/www.statek-uprostred.cz\/index.php\/cesta-tam-a-zase-zpatky-program-nasledne-pece-jihlava-cerven-2025\/4095\/\" class=\"_self pt-cv-href-thumbnail pt-cv-thumb-left\" target=\"_self\" ><img loading=\"lazy\" decoding=\"async\" width=\"768\" height=\"579\" src=\"https:\/\/www.statek-uprostred.cz\/wp-content\/uploads\/2025\/07\/NP5-768x579.jpg\" class=\"pt-cv-thumbnail pull-left\" alt=\"\" \/><\/a><\/div>\n<div class=\"pt-cv-colwrap\"><h2 class=\"pt-cv-title\"><a href=\"https:\/\/www.statek-uprostred.cz\/index.php\/cesta-tam-a-zase-zpatky-program-nasledne-pece-jihlava-cerven-2025\/4095\/\" class=\"_self\" target=\"_self\" >Cesta tam a zase zp\u00e1tky. Program N\u00e1sledn\u00e9 p\u00e9\u010de Jihlava \u010derven 2025.<\/a><\/h2><div class=\"pt-cv-content\">V\u00edkendov\u00fd program N\u00e1sledn\u00e9 p\u00e9\u010de Jihlava 20.-22. \u010dervna 2025 &#8230;<\/div><div class=\"pt-cv-rmwrap\"><a href=\"https:\/\/www.statek-uprostred.cz\/index.php\/cesta-tam-a-zase-zpatky-program-nasledne-pece-jihlava-cerven-2025\/4095\/\" class=\"_self pt-cv-readmore btn btn-success\" target=\"_self\" >V\u00edce&#8230;<\/a><\/div><div class=\"pt-cv-meta-fields\"><span class=\"entry-date\"> <time datetime=\"2025-06-22T08:56:00+02:00\">22. 6. 2025<\/time><\/span><span> | <\/span><span class=\"terms\"> <a href='https:\/\/www.statek-uprostred.cz\/index.php\/category\/akce\/' title='Akce' class='pt-cv-tax-akce'>Akce<\/a>, <a href='https:\/\/www.statek-uprostred.cz\/index.php\/category\/aktuality\/' title='Aktuality' class='pt-cv-tax-aktuality'>Aktuality<\/a><\/span><\/div><\/div><\/div>\n<div class=\" pt-cv-content-item pt-cv-2-col\" ><div class=\"pt-cv-thumb-wrapper pull-left \"><a href=\"https:\/\/www.statek-uprostred.cz\/index.php\/rozuzleni-pozvanka-na-vikendovy-astrologicky-seminar-14-15-cervna\/3943\/\" class=\"_self pt-cv-href-thumbnail pt-cv-thumb-left\" target=\"_self\" ><img loading=\"lazy\" decoding=\"async\" width=\"768\" height=\"1086\" src=\"https:\/\/www.statek-uprostred.cz\/wp-content\/uploads\/2025\/05\/Rozuzleni-plakat-768x1086.jpg\" class=\"pt-cv-thumbnail pull-left\" alt=\"\" \/><\/a><\/div>\n<div class=\"pt-cv-colwrap\"><h2 class=\"pt-cv-title\"><a href=\"https:\/\/www.statek-uprostred.cz\/index.php\/rozuzleni-pozvanka-na-vikendovy-astrologicky-seminar-14-15-cervna\/3943\/\" class=\"_self\" target=\"_self\" >Rozuzlen\u00ed \u2013 V\u00edkendov\u00fd astrologick\u00fd semin\u00e1\u0159 13.\u201315. \u010dervna 2025<\/a><\/h2><div class=\"pt-cv-content\">O v\u00edkendu 13.-15. \u010dervna 2025 se na statku konal astrologick\u00fd semin\u00e1\u0159 Rozuzlen\u00ed. \u00da\u010dastnilo se osm lid\u00ed, lekto\u0159i byli Franti\u0161ka Jirousov\u00e1, Martina Luk\u00e1\u0161kov\u00e1 a Jan Kazda z pra\u017esk\u00e9 Astrologick\u00e9 \u0161koly pro state\u010dn\u00e9. Zde je z\u00e1pis z v\u00edkendu a dvou p\u0159edchoz\u00edch dn\u016f, kdy jsme akci spole\u010dn\u011b p\u0159ipravovali &#8230;<\/div><div class=\"pt-cv-rmwrap\"><a href=\"https:\/\/www.statek-uprostred.cz\/index.php\/rozuzleni-pozvanka-na-vikendovy-astrologicky-seminar-14-15-cervna\/3943\/\" class=\"_self pt-cv-readmore btn btn-success\" target=\"_self\" >V\u00edce&#8230;<\/a><\/div><div class=\"pt-cv-meta-fields\"><span class=\"entry-date\"> <time datetime=\"2025-05-20T14:12:34+02:00\">20. 5. 2025<\/time><\/span><span> | <\/span><span class=\"terms\"> <a href='https:\/\/www.statek-uprostred.cz\/index.php\/category\/akce\/' title='Akce' class='pt-cv-tax-akce'>Akce<\/a>, <a href='https:\/\/www.statek-uprostred.cz\/index.php\/category\/aktuality\/' title='Aktuality' class='pt-cv-tax-aktuality'>Aktuality<\/a><\/span><\/div><\/div><\/div>\n<div class=\" pt-cv-content-item pt-cv-2-col\" ><div class=\"pt-cv-thumb-wrapper pull-left \"><a href=\"https:\/\/www.statek-uprostred.cz\/index.php\/porada-pecovatelske-sluzby-sdileni-kveten-2025\/3956\/\" class=\"_self pt-cv-href-thumbnail pt-cv-thumb-left\" target=\"_self\" ><img loading=\"lazy\" decoding=\"async\" width=\"768\" height=\"501\" src=\"https:\/\/www.statek-uprostred.cz\/wp-content\/uploads\/2025\/05\/Sdileni2025-768x501.jpeg\" class=\"pt-cv-thumbnail pull-left\" alt=\"\" \/><\/a><\/div>\n<div class=\"pt-cv-colwrap\"><h2 class=\"pt-cv-title\"><a href=\"https:\/\/www.statek-uprostred.cz\/index.php\/porada-pecovatelske-sluzby-sdileni-kveten-2025\/3956\/\" class=\"_self\" target=\"_self\" >Porada pe\u010dovatelsk\u00e9 slu\u017eby Sd\u00edlen\u00ed. Kv\u011bten 2025<\/a><\/h2><div class=\"pt-cv-content\">Pe\u010dovatelsk\u00e1 slu\u017eba Sd\u00edlen\u00ed roz\u0161\u00ed\u0159ila \u0159ady pom\u00e1haj\u00edc\u00edch neziskovek, kter\u00e9 vyu\u017e\u00edvaj\u00ed statek pro sv\u016fj program. 14. kv\u011btna zde m\u011bli pracovn\u00ed poradu a p\u0159ijeli o den d\u0159\u00edv &#8230;<\/div><div class=\"pt-cv-rmwrap\"><a href=\"https:\/\/www.statek-uprostred.cz\/index.php\/porada-pecovatelske-sluzby-sdileni-kveten-2025\/3956\/\" class=\"_self pt-cv-readmore btn btn-success\" target=\"_self\" >V\u00edce&#8230;<\/a><\/div><div class=\"pt-cv-meta-fields\"><span class=\"entry-date\"> <time datetime=\"2025-05-15T12:01:28+02:00\">15. 5. 2025<\/time><\/span><span> | <\/span><span class=\"terms\"> <a href='https:\/\/www.statek-uprostred.cz\/index.php\/category\/akce\/' title='Akce' class='pt-cv-tax-akce'>Akce<\/a>, <a href='https:\/\/www.statek-uprostred.cz\/index.php\/category\/aktuality\/' title='Aktuality' class='pt-cv-tax-aktuality'>Aktuality<\/a><\/span><\/div><\/div><\/div>\n<div class=\" pt-cv-content-item pt-cv-2-col\" ><div class=\"pt-cv-thumb-wrapper pull-left \"><a href=\"https:\/\/www.statek-uprostred.cz\/index.php\/kronika-2024-tvurci-pobyty-a-navstevy\/3079\/\" class=\"_self pt-cv-href-thumbnail pt-cv-thumb-left\" target=\"_self\" ><img loading=\"lazy\" decoding=\"async\" width=\"768\" height=\"579\" src=\"https:\/\/www.statek-uprostred.cz\/wp-content\/uploads\/2024\/12\/IMG_20240412_175632-768x579.jpg\" class=\"pt-cv-thumbnail pull-left\" alt=\"\" \/><\/a><\/div>\n<div class=\"pt-cv-colwrap\"><h2 class=\"pt-cv-title\"><a href=\"https:\/\/www.statek-uprostred.cz\/index.php\/kronika-2024-tvurci-pobyty-a-navstevy\/3079\/\" class=\"_self\" target=\"_self\" >Kronika 2024: Tv\u016fr\u010d\u00ed pobyty, n\u00e1v\u0161t\u011bvy, akce &#8230; a rozcestn\u00edk<\/a><\/h2><div class=\"pt-cv-content\">P\u0159ehled v\u0161ech tv\u016fr\u010d\u00edch pobyt\u016f, n\u00e1v\u0161t\u011bv, akc\u00ed skupinov\u00fdch i ve\u0159ejn\u00fdch, kter\u00e9 se na statku konaly v roce 2024. Byl to z hlediska \u010dinnosti a tv\u016fr\u010d\u00edch pobyt\u016f velmi bohat\u00fd rok &#8230;<\/div><div class=\"pt-cv-rmwrap\"><a href=\"https:\/\/www.statek-uprostred.cz\/index.php\/kronika-2024-tvurci-pobyty-a-navstevy\/3079\/\" class=\"_self pt-cv-readmore btn btn-success\" target=\"_self\" >V\u00edce&#8230;<\/a><\/div><div class=\"pt-cv-meta-fields\"><span class=\"entry-date\"> <time datetime=\"2025-01-01T22:48:54+01:00\">1. 1. 2025<\/time><\/span><span> | <\/span><span class=\"terms\"> <a href='https:\/\/www.statek-uprostred.cz\/index.php\/category\/akce\/' title='Akce' class='pt-cv-tax-akce'>Akce<\/a>, <a href='https:\/\/www.statek-uprostred.cz\/index.php\/category\/aktuality\/' title='Aktuality' class='pt-cv-tax-aktuality'>Aktuality<\/a><\/span><\/div><\/div><\/div>\n<div class=\" pt-cv-content-item pt-cv-2-col\" ><div class=\"pt-cv-thumb-wrapper pull-left \"><a href=\"https:\/\/www.statek-uprostred.cz\/index.php\/setkani-ucitelek-jogy-zari-2024\/3613\/\" class=\"_self pt-cv-href-thumbnail pt-cv-thumb-left\" target=\"_self\" ><img loading=\"lazy\" decoding=\"async\" width=\"768\" height=\"578\" src=\"https:\/\/www.statek-uprostred.cz\/wp-content\/uploads\/2024\/09\/d5264b82-4029-4525-a5dd-171e15c6616f-768x578.jpeg\" class=\"pt-cv-thumbnail pull-left\" alt=\"\" \/><\/a><\/div>\n<div class=\"pt-cv-colwrap\"><h2 class=\"pt-cv-title\"><a href=\"https:\/\/www.statek-uprostred.cz\/index.php\/setkani-ucitelek-jogy-zari-2024\/3613\/\" class=\"_self\" target=\"_self\" >Setk\u00e1n\u00ed u\u010ditelek j\u00f3gy. Z\u00e1\u0159\u00ed 2024<\/a><\/h2><div class=\"pt-cv-content\">O v\u00edkendu 6.-8. z\u00e1\u0159\u00ed se na statku se\u0161la skupinka u\u010ditelek kundalin\u00ed j\u00f3gy. Absolvovaly jsme spolu u\u010ditelsk\u00fd v\u00fdcvik v roce 2021 a te\u010f jsme si vym\u011b\u0148ovaly zku\u0161enosti, cvi\u010dily, zazp\u00edvaly si v krajin\u011b a sd\u00edlely r\u016fzn\u00e9 radosti i starosti. Douf\u00e1m, \u017ee to bude dal\u0161\u00ed tradice na statku &#8230;<\/div><div class=\"pt-cv-rmwrap\"><a href=\"https:\/\/www.statek-uprostred.cz\/index.php\/setkani-ucitelek-jogy-zari-2024\/3613\/\" class=\"_self pt-cv-readmore btn btn-success\" target=\"_self\" >V\u00edce&#8230;<\/a><\/div><div class=\"pt-cv-meta-fields\"><span class=\"entry-date\"> <time datetime=\"2024-09-09T08:35:12+02:00\">9. 9. 2024<\/time><\/span><span> | <\/span><span class=\"terms\"> <a href='https:\/\/www.statek-uprostred.cz\/index.php\/category\/akce\/' title='Akce' class='pt-cv-tax-akce'>Akce<\/a><\/span><\/div><\/div><\/div>\n<div class=\" pt-cv-content-item pt-cv-2-col\" ><div class=\"pt-cv-thumb-wrapper pull-left \"><a href=\"https:\/\/www.statek-uprostred.cz\/index.php\/symposium-o-severskych-mytech-a-ritualech-srpen-2024\/3587\/\" class=\"_self pt-cv-href-thumbnail pt-cv-thumb-left\" target=\"_self\" ><img loading=\"lazy\" decoding=\"async\" width=\"768\" height=\"1024\" src=\"https:\/\/www.statek-uprostred.cz\/wp-content\/uploads\/2024\/09\/63e7476f-9abf-466f-874f-c856469deee6-1-768x1024.jpeg\" class=\"pt-cv-thumbnail pull-left\" alt=\"\" \/><\/a><\/div>\n<div class=\"pt-cv-colwrap\"><h2 class=\"pt-cv-title\"><a href=\"https:\/\/www.statek-uprostred.cz\/index.php\/symposium-o-severskych-mytech-a-ritualech-srpen-2024\/3587\/\" class=\"_self\" target=\"_self\" >Symposium o seversk\u00fdch m\u00fdtech a ritu\u00e1lech. Srpen 2024<\/a><\/h2><div class=\"pt-cv-content\">Posledn\u00ed srpnov\u00fd t\u00fdden se na statku konalo symposium um\u011bleck\u00e9 skupiny Third \/\/ space (t\u0159et\u00ed prostor) s\u00a0t\u00e9matem zkoum\u00e1n\u00ed seversk\u00fdch m\u00fdt\u016f a ritu\u00e1l\u016f. Ve skupin\u011b s\u00a0mezin\u00e1rodn\u00ed \u00fa\u010dast\u00ed jsme ztv\u00e1rnili n\u011bkter\u00e9 sc\u00e9ny z\u00a0P\u00edsn\u011b o Nibelunz\u00edch, Eddy a vykonali vymy\u0161len\u00fd ritu\u00e1l kolem dubu. Byla to siln\u00e1 a d\u016fle\u017eit\u00e1 zku\u0161enost pro ka\u017ed\u00e9ho z\u00a0n\u00e1s &#8230;<\/div><div class=\"pt-cv-rmwrap\"><a href=\"https:\/\/www.statek-uprostred.cz\/index.php\/symposium-o-severskych-mytech-a-ritualech-srpen-2024\/3587\/\" class=\"_self pt-cv-readmore btn btn-success\" target=\"_self\" >V\u00edce&#8230;<\/a><\/div><div class=\"pt-cv-meta-fields\"><span class=\"entry-date\"> <time datetime=\"2024-09-07T14:17:12+02:00\">7. 9. 2024<\/time><\/span><span> | <\/span><span class=\"terms\"> <a href='https:\/\/www.statek-uprostred.cz\/index.php\/category\/akce\/' title='Akce' class='pt-cv-tax-akce'>Akce<\/a><\/span><\/div><\/div><\/div>\n<div class=\" pt-cv-content-item pt-cv-2-col\" ><div class=\"pt-cv-thumb-wrapper pull-left \"><a href=\"https:\/\/www.statek-uprostred.cz\/index.php\/pevecky-soubor-testo-na-jihoceske-vyprave-cervenec-2024\/3524\/\" class=\"_self pt-cv-href-thumbnail pt-cv-thumb-left\" target=\"_self\" ><img loading=\"lazy\" decoding=\"async\" width=\"768\" height=\"512\" src=\"https:\/\/www.statek-uprostred.cz\/wp-content\/uploads\/2024\/07\/Ridelov-24-31-768x512.jpg\" class=\"pt-cv-thumbnail pull-left\" alt=\"\" \/><\/a><\/div>\n<div class=\"pt-cv-colwrap\"><h2 class=\"pt-cv-title\"><a href=\"https:\/\/www.statek-uprostred.cz\/index.php\/pevecky-soubor-testo-na-jihoceske-vyprave-cervenec-2024\/3524\/\" class=\"_self\" target=\"_self\" >P\u011bveck\u00fd soubor T\u011bsto na letn\u00ed v\u00fdprav\u011b. \u010cervenec 2024<\/a><\/h2><div class=\"pt-cv-content\">\u017deny z vok\u00e1ln\u00edho souboru T\u011bsto op\u011bt pob\u00fdvaly na statku a vyj\u00ed\u017ed\u011bly do okol\u00ed zp\u00edvat. V p\u00e1tek se zp\u00edvalo u Abb\u00e9ho ve Slavonic\u00edch v\u00a0Galerii Masna, v sobotu na pouti v \u0158\u00eddelov\u011b a v\u00a0ned\u011bli u Marty Vesel\u00e9 Jirousov\u00e9 na p\u0159\u00edrodn\u00ed zahrad\u011b ve Star\u00e9 \u0158\u00ed\u0161i. P\u0159ijely ve \u010dtvrtek 25. \u010dervence a n\u011bkter\u00e9 zde z\u016fstaly a\u017e do pond\u011bl\u00ed &#8230;<\/div><div class=\"pt-cv-rmwrap\"><a href=\"https:\/\/www.statek-uprostred.cz\/index.php\/pevecky-soubor-testo-na-jihoceske-vyprave-cervenec-2024\/3524\/\" class=\"_self pt-cv-readmore btn btn-success\" target=\"_self\" >V\u00edce&#8230;<\/a><\/div><div class=\"pt-cv-meta-fields\"><span class=\"entry-date\"> <time datetime=\"2024-07-31T16:38:29+02:00\">31. 7. 2024<\/time><\/span><span> | <\/span><span class=\"terms\"> <a href='https:\/\/www.statek-uprostred.cz\/index.php\/category\/akce\/' title='Akce' class='pt-cv-tax-akce'>Akce<\/a>, <a href='https:\/\/www.statek-uprostred.cz\/index.php\/category\/kultura\/' title='Kultura' class='pt-cv-tax-kultura'>Kultura<\/a><\/span><\/div><\/div><\/div><\/div><\/div>\n<div class=\" pt-cv-pagination-wrapper\"><ul class=\"pt-cv-pagination pt-cv-normal pagination\" data-totalpages=\"3\" data-currentpage=\"1\" data-sid=\"6grz50pu\" data-unid=\"\" data-isblock=\"list1\" data-postid=\"0\"><li class=\"active\"><a href=\"#\">1<\/a><\/li>\n\t<li ><a class=\"\" href=\"https:\/\/www.statek-uprostred.cz\/index.php\/wp-json\/wp\/v2\/pages\/88\/?_page=2\">2<\/a><\/li>\n\t<li ><a class=\"\" href=\"https:\/\/www.statek-uprostred.cz\/index.php\/wp-json\/wp\/v2\/pages\/88\/?_page=3\">3<\/a><\/li>\n\t<li ><a class=\" \" href=\"https:\/\/www.statek-uprostred.cz\/index.php\/wp-json\/wp\/v2\/pages\/88\/?_page=2\">&rsaquo;<\/a><\/li>\n\t<\/ul><img loading=\"lazy\" decoding=\"async\" width=\"15\" height=\"15\" class=\"pt-cv-spinner\" alt=\"Loading...\" src=\"data:image\/gif;base64,R0lGODlhDwAPALMPAMrKygwMDJOTkz09PZWVla+vr3p6euTk5M7OzuXl5TMzMwAAAJmZmWZmZszMzP\/\/\/yH\/C05FVFNDQVBFMi4wAwEAAAAh+QQFCgAPACwAAAAADwAPAAAEQvDJaZaZOIcV8iQK8VRX4iTYoAwZ4iCYoAjZ4RxejhVNoT+mRGP4cyF4Pp0N98sBGIBMEMOotl6YZ3S61Bmbkm4mAgAh+QQFCgAPACwAAAAADQANAAAENPDJSRSZeA418itN8QiK8BiLITVsFiyBBIoYqnoewAD4xPw9iY4XLGYSjkQR4UAUD45DLwIAIfkEBQoADwAsAAAAAA8ACQAABC\/wyVlamTi3nSdgwFNdhEJgTJoNyoB9ISYoQmdjiZPcj7EYCAeCF1gEDo4Dz2eIAAAh+QQFCgAPACwCAAAADQANAAAEM\/DJBxiYeLKdX3IJZT1FU0iIg2RNKx3OkZVnZ98ToRD4MyiDnkAh6BkNC0MvsAj0kMpHBAAh+QQFCgAPACwGAAAACQAPAAAEMDC59KpFDll73HkAA2wVY5KgiK5b0RRoI6MuzG6EQqCDMlSGheEhUAgqgUUAFRySIgAh+QQFCgAPACwCAAIADQANAAAEM\/DJKZNLND\/kkKaHc3xk+QAMYDKsiaqmZCxGVjSFFCxB1vwy2oOgIDxuucxAMTAJFAJNBAAh+QQFCgAPACwAAAYADwAJAAAEMNAs86q1yaWwwv2Ig0jUZx3OYa4XoRAfwADXoAwfo1+CIjyFRuEho60aSNYlOPxEAAAh+QQFCgAPACwAAAIADQANAAAENPA9s4y8+IUVcqaWJ4qEQozSoAzoIyhCK2NFU2SJk0hNnyEOhKR2AzAAj4Pj4GE4W0bkJQIAOw==\" \/><div class=\"clear pt-cv-clear-pagination\"><\/div><\/div> <\/div> <style>\n\n#pt-cv-view-6grz50pu { margin: 0px 0px 30px 0px;padding: 0px 0px 0px 0px; }#pt-cv-view-6grz50pu .pt-cv-content-item { background-color: #3c6487ab;padding: 15px 15px 15px 15px; }#pt-cv-view-6grz50pu .pt-cv-meta-fields { margin: 3px 10px 0px 10px; }#pt-cv-view-6grz50pu .pt-cv-meta-fields * { color: #9da6c4;font-weight: 600;font-size: 16px; }#pt-cv-view-6grz50pu .pt-cv-thumb-wrapper:not(.miniwrap) { width: 31%; }#pt-cv-view-6grz50pu .pt-cv-thumbnail:not(.pt-cv-thumbnailsm) { height: 273px; }#pt-cv-view-6grz50pu .pt-cv-title a { display: block;margin: 5px 10px 10px 10px;padding: 0px 0px 0px 0px; }#pt-cv-view-6grz50pu .pt-cv-title:not(.pt-cv-titlesm) a { font-weight: 600;text-decoration: none;font-size: 25px; }#pt-cv-view-6grz50pu .pt-cv-titlesm a { font-weight: 600;font-size: 18px; }#pt-cv-view-6grz50pu .pt-cv-content { color: #efeff5;font-weight: 500;font-size: 19px;line-height: 27px;margin: 10px 10px 10px 10px; }#pt-cv-view-6grz50pu .pt-cv-rmwrap {  }#pt-cv-view-6grz50pu .pt-cv-readmore { color: #efeff5;background-color: #96a0c8;font-weight: 800;text-transform: normal;font-family: \"Asap\";font-size: 17px;margin: 10px 10px 10px 10px;padding: 2px 8px 3px 8px; }#pt-cv-view-6grz50pu .pt-cv-taxoterm {  }#pt-cv-view-6grz50pu .pt-cv-taxoterm * { color: #222;background-color: #fff6f6;font-size: 14px; }#pt-cv-view-6grz50pu + .pt-cv-pagination-wrapper {  }#pt-cv-view-6grz50pu + .pt-cv-pagination-wrapper a { color: #efeff5;background-color: #3c6487ab;border-style: none;font-size: 14px; }#pt-cv-view-6grz50pu + .pt-cv-pagination-wrapper .active a { background-color: #96a0c8; }#pt-cv-view-6grz50pu > .pt-cv-page {grid-template-columns: repeat(1, 1fr);grid-gap: 10px;}#pt-cv-view-6grz50pu .pt-cv-rmwrap:hover {  }#pt-cv-view-6grz50pu .pt-cv-readmore:hover { background-color: #c0cbf0; }#pt-cv-view-6grz50pu + .pt-cv-pagination-wrapper:hover {  }#pt-cv-view-6grz50pu + .pt-cv-pagination-wrapper a:hover { background-color: #c0cbf0; }\n@media all and (max-width: 1024px) { \n#pt-cv-view-6grz50pu > .pt-cv-page {grid-template-columns: repeat(1, 1fr);}\n} \n@media all and (max-width: 767px) { \n#pt-cv-view-6grz50pu > .pt-cv-page {grid-template-columns: repeat(1, 1fr);}\n} <\/style><link href='\/\/fonts.googleapis.com\/css?family=Default' rel='stylesheet' type='text\/css'><link href='\/\/fonts.googleapis.com\/css?family=Asap' rel='stylesheet' type='text\/css'>","protected":false},"excerpt":{"rendered":"","protected":false},"author":1,"featured_media":0,"parent":0,"menu_order":0,"comment_status":"closed","ping_status":"closed","template":"","meta":{"_kad_post_transparent":"","_kad_post_title":"","_kad_post_layout":"","_kad_post_sidebar_id":"","_kad_post_content_style":"unboxed","_kad_post_vertical_padding":"","_kad_post_feature":"","_kad_post_feature_position":"","_kad_post_header":false,"_kad_post_footer":false,"_kad_post_classname":"","footnotes":""},"class_list":["post-88","page","type-page","status-publish","hentry"],"_links":{"self":[{"href":"https:\/\/www.statek-uprostred.cz\/index.php\/wp-json\/wp\/v2\/pages\/88","targetHints":{"allow":["GET"]}}],"collection":[{"href":"https:\/\/www.statek-uprostred.cz\/index.php\/wp-json\/wp\/v2\/pages"}],"about":[{"href":"https:\/\/www.statek-uprostred.cz\/index.php\/wp-json\/wp\/v2\/types\/page"}],"author":[{"embeddable":true,"href":"https:\/\/www.statek-uprostred.cz\/index.php\/wp-json\/wp\/v2\/users\/1"}],"replies":[{"embeddable":true,"href":"https:\/\/www.statek-uprostred.cz\/index.php\/wp-json\/wp\/v2\/comments?post=88"}],"version-history":[{"count":9,"href":"https:\/\/www.statek-uprostred.cz\/index.php\/wp-json\/wp\/v2\/pages\/88\/revisions"}],"predecessor-version":[{"id":4349,"href":"https:\/\/www.statek-uprostred.cz\/index.php\/wp-json\/wp\/v2\/pages\/88\/revisions\/4349"}],"wp:attachment":[{"href":"https:\/\/www.statek-uprostred.cz\/index.php\/wp-json\/wp\/v2\/media?parent=88"}],"curies":[{"name":"wp","href":"https:\/\/api.w.org\/{rel}","templated":true}]}}